+ -2243244?
-2242422
In base 15, what is -11b17 - 4?
-11b1b
In base 12, what is 113 - 831?
-71a
In base 9, what is 324345 + -5?
324340
In base 4, what is 23 + 20001332?
20002021
In base 4, what is -13120 - -102121?
23001
In base 10, what is 0 - 172479?
-172479
In base 2, what is -10001010000010101 - 1110?
-10001010000100011
In base 9, what is 421 + -81?
330
In base 6, what is -10151 + 400?
-5351
In base 5, what is -1111 + 231443?
230332
In base 11, what is -1a023 - 29?
-1a051
In base 7, what is 130644 - -60?
131034
In base 2, what is 1111 - 1011101111011101?
-1011101111001110
In base 9, what is 5 - -3686436?
3686442
In base 9, what is -24 + -53416?
-53441
In base 7, what is -512 - 4634?
-5446
In base 16, what is -22d0 - 94?
-2364
In base 12, what is -15 - -17a1?
1788
In base 6, what is -1 - 5243?
-5244
In base 9, what is -162 + -484?
-656
In base 6, what is -2 + 330154?
330152
In base 14, what is a2 + -13a?
-78
In base 2, what is -10000001100111100 + -1?
-10000001100111101
In base 15, what is a - -5aa?
5b5
In base 11, what is 317 + 81?
398
In base 13, what is -2815 + -20?
-2835
In base 9, what is 2 - 13111?
-13108
In base 9, what is -866 + -1603?
-2570
In base 2, what is -1110011011111101 - 1011?
-1110011100001000
In base 11, what is -3286 + -3?
-3289
In base 2, what is 1 - 101000000110010111110?
-101000000110010111101
In base 15, what is 16d9c - -25?
16dc2
In base 6, what is 12342 - -1144?
13530
In base 13, what is -108 + 9c4?
8b9
In base 7, what is 13066 + -64?
13002
In base 5, what is 0 - 30044313?
-30044313
In base 6, what is 104324403 + 1?
104324404
In base 12, what is 2a83 - -39?
2b00
In base 12, what is -5 + 365a5?
365a0
In base 6, what is 1 + -22135?
-22134
In base 13, what is -454c + -36?
-4585
In base 10, what is -3 + 533069?
533066
In base 16, what is -4 + 78bd?
78b9
In base 9, what is 36 + 7245?
7282
In base 16, what is 95f + 7ac?
110b
In base 5, what is 21210 - 222?
20433
In base 9, what is 1423618 + 3?
1423622
In base 2, what is -10001 + 1000011000010110?
1000011000000101
In base 14, what is 30156 + -1?
30155
In base 4, what is 2231020 - 0?
2231020
In base 16, what is -3e5 - 54?
-439
In base 7, what is 6 - 363633?
-363624
In base 3, what is 11201112 - 1?
11201111
In base 9, what is 5 - -6277?
6283
In base 8, what is -177 + -2341?
-2540
In base 10, what is -1 + -44256?
-44257
In base 4, what is -300112003 - 11?
-300112020
In base 13, what is -76 - 349?
-3c2
In base 8, what is 2 + -27706?
-27704
In base 8, what is 4107071 + -4?
4107065
In base 15, what is -789 + -2?
-78b
In base 14, what is 82cb8 + 0?
82cb8
In base 13, what is -a09 - 9a?
-aa6
In base 13, what is 23a - -70?
2aa
In base 3, what is 1112 + -1001100?
-222211
In base 13, what is -4 + 4125?
4121
In base 11, what is 132540 + -2?
132539
In base 16, what is 2ae9 + c3?
2bac
In base 14, what is 2 + -18dc85?
-18dc83
In base 14, what is -5ca66 - -2?
-5ca64
In base 6, what is -1251303 + -1?
-1251304
In base 11, what is 2a79 - -197?
3165
In base 2, what is 0 - 10000101001010011010?
-10000101001010011010
In base 10, what is -6876 - 26?
-6902
In base 13, what is 1 + 32387?
32388
In base 12, what is -2 + 4b70?
4b6a
In base 14, what is -86722 - 5?
-86727
In base 4, what is 203 - -103333?
110202
In base 2, what is -1 + -101011010010011?
-101011010010100
In base 14, what is -c - -6002?
5dd4
In base 11, what is -134741 - -9?
-134733
In base 2, what is 1001101110100001011 - 1?
1001101110100001010
In base 12, what is -38 + 2879?
2841
In base 12, what is -5 + -ab78b?
-ab794
In base 14, what is 2 - 21d4?
-21d2
In base 12, what is -22178 + 1?
-22177
In base 6, what is -5413 + -531?
-10344
In base 15, what is -5da - 1d?
-608
In base 9, what is 171 - 57184?
-57013
In base 13, what is -61 - 30b85?
-30c16
In base 3, what is -1002012122 - 111?
-1002020010
In base 11, what is -17a51 - 20?
-17a71
In base 7, what is -13 - 361?
-404
In base 15, what is -2cd56 + 2?
-2cd54
In base 3, what is 210220101 + -120?
210212211
In base 13, what is 4381 + -16?
4368
In base 7, what is -4 - -4431312?
4431305
In base 5, what is -10104 + 2024?
-3030
In base 2, what is 1 - -1000110011110110?
1000110011110111
In base 8, what is 14520 + 2?
14522
In base 10, what is 1091642 - 7?
1091635
In base 8, what is 537 - 616?
-57
In base 13, what is -59 - 104b0?
-10539
In base 6, what is 5 - 24232005?
-24232000
In base 14, what is 7 + -c22?
-c19
In base 7, what is -44652 - 12?
-44664
In base 12, what is 1400 + 0?
1400
In base 4, what is -11 - 212321232?
-212321303
In base 5, what is 3 + 20400000?
20400003
In base 5, what is 111 - 10103?
-4442
In base 13, what is -109 + -724a?
-7356
In base 15, what is -16 + 9159?
9143
In base 15, what is -d37d3 - 5?
-d37d8
In base 7, what is 12464 + -466?
11665
In base 16, what is -2 + -1a21?
-1a23
In base 9, what is -2 + 22320?
22317
In base 11, what is -78 - -969?
8a1
In base 2, what is 1 + -10111000010011101?
-10111000010011100
In base 3, what is 2110 - 2212210?
-2210100
In base 3, what is 1222001112111 + -12?
1222001112022
In base 16, what is 2453 + -16?
243d
In base 15, what is -2497d + -2?
-24980
In base 2, what is 0 - -10110011110011101?
10110011110011101
In base 16, what is 363e5 + 3?
363e8
In base 10, what is -928 - 375?
-1303
In base 14, what is -9b43 + -c?
-9b51
In base 10, what is -11822 - -1?
-11821
In base 15, what is 2 + -2b64?
-2b62
In base 2, what is -110011111011000110 + 111?
-110011111010111111
In base 5, what is -104421 - 2?
-104423
In base 16, what is -7 - -81de8?
81de1
In base 15, what is -cd - -8a?
-43
In base 12, what is 27872 - 7?
27867
In base 7, what is 436023 + -115?
435605
In base 7, what is 51 - 1652?
-1601
In base 10, what is 15 + 10660?
10675
In base 7, what is 213 + -11231?
-11015
In base 16, what is 1a47d - -b?
1a488
In base 14, what is 87 - 506?
-45d
In base 7, what is 0 + -361432?
-361432
In base 4, what is 10011332 + -2?
10011330
In base 10, what is 360095 - 4?
360091
In base 4, what is 10 - -321?
331
In base 12, what is -3575a - b?
-35769
In base 10, what is 212 + -3966?
-3754
In base 6, what is -104140 - 152?
-104332
In base 15, what is -30 - 22d5?
-2315
In base 10, what is -156 + 500?
344
In base 11, what is 2 + 3aa8?
3aaa
In base 13, what is 866 + -80?
7b6
In base 9, what is 15 - -81331?
81346
In base 13, what is 4c4 + -c1?
403
In base 12, what is 3 + 11757?
1175a
In base 10, what is -849 + -54?
-903
In base 14, what is -7c - 2a2?
-340
In base 13, what is -12 - -1a57?
1a45
In base 2, what is 101110100011 - 111001?
101101101010
In base 11, what is 150960 + 2?
150962
In base 7, what is -11521 - 11?
-11532
In base 10, what is 2 + -30882?
-30880
In base 12, what is 0 + -263b?
-263b
In base 9, what is 3 - 244532?
-244528
In base 13, what is 8 + 150a80?
150a88
In base 4, what is -2 - 23221?
-23223
In base 15, what is -ec + 309?
20c
In base 16, what is -72e - 64?
-792
In base 8, what is -5 - -33245?
33240
In base 7, what is 2 - -22053143?
22053145
In base 5, what is 44 + -341001?
-340402
In base 10, what is 0 + 200?
200
In base 5, what is 210 - -24001?
24211
In base 10, what is 5387 - -14?
5401
In base 11, what is 371 - -1008?
1379
In base 2, what is -1001100101011011 - 1?
-1001100101011100
In base 12, what is -98 + 8?
-90
In base 13, what is -23 - 21289?
-212ac
In base 13, what is 94 - 38?
59
In base 8, what is -74454 + 5?
-74447
In base 8, what is -10270 + -10?
-10300
In base 2, what is -101100011001101000011 - -100?
-101100011001100111111
In base 15, what is 28b9 - b?
28ad
In base 3, what is -10 + 10102000222022?
10102000222012
In base 16, what is 13 - -49?
5c
In base 4, what is 21 + -11013113?
-11013032
In base 15, what is 3bac - -7?
3bb4
In base 5, what is 2 + -44001202?
-44001200
In base 4, what is 3 - -120302?
120311
In base 14, what is -2 - 6cb1?
-6cb3
In base 9, what is 35 + 26535?
26571
In base 6, what is -30 + -455523?
-455553
In base 3, what is -12 + 20000111?
20000022
In base 13, what is 13 + -53bb?
-53a8
In base 16, what is -3 - 1cac?
-1caf
In base 6, what is -145343 + 3?
-145340
In base 5, what is -2142 - 1100?
-3242
In base 8, what is 10703 + 1257?
12162
In base 7, what is -12 - -103544?
103532
In base 4, what is 1330013 - 3?
1330010
In base 10, what is 161851 + 4?
161855
In base 2, what is -110000101000000 + 11010?
-110000100100110
In base 13